 when 74 is divided by 40.
34
What is the remainder when 129 is divided by 13?
12
Calculate the remainder when 4955 is divided by 248.
243
What is the remainder when 586 is divided by 78?
40
What is the remainder when 1814 is divided by 603?
5
Calculate the remainder when 347 is divided by 30.
17
What is the remainder when 1274 is divided by 160?
154
Calculate the remainder when 4210 is divided by 39.
37
What is the remainder when 10666 is divided by 127?
125
What is the remainder when 736 is divided by 18?
16
What is the remainder when 283 is divided by 11?
8
Calculate the remainder when 159 is divided by 60.
39
What is the remainder when 126 is divided by 8?
6
Calculate the remainder when 386 is divided by 149.
88
What is the remainder when 36 is divided by 17?
2
What is the remainder when 331 is divided by 24?
19
What is the remainder when 40 is divided by 25?
15
Calculate the remainder when 290 is divided by 73.
71
Calculate the remainder when 691 is divided by 159.
55
What is the remainder when 1146 is divided by 128?
122
What is the remainder when 829 is divided by 32?
29
What is the remainder when 51 is divided by 28?
23
What is the remainder when 560 is divided by 28?
0
What is the remainder when 243 is divided by 123?
120
Calculate the remainder when 1742 is divided by 33.
26
Calculate the remainder when 228 is divided by 106.
16
What is the remainder when 95 is divided by 24?
23
Calculate the remainder when 65 is divided by 4.
1
What is the remainder when 291 is divided by 21?
18
Calculate the remainder when 223 is divided by 12.
7
What is the remainder when 557 is divided by 54?
17
What is the remainder when 520 is divided by 29?
27
What is the remainder when 368 is divided by 21?
11
Calculate the remainder when 3427 is divided by 10.
7
What is the remainder when 186 is divided by 34?
16
Calculate the remainder when 258 is divided by 11.
5
What is the remainder when 393 is divided by 142?
109
What is the remainder when 236 is divided by 233?
3
Calculate the remainder when 41 is divided by 7.
6
What is the remainder when 2805 is divided by 156?
153
Calculate the remainder when 20593 is divided by 271.
268
Calculate the remainder when 386 is divided by 101.
83
What is the remainder when 76 is divided by 24?
4
What is the remainder when 9998 is divided by 40?
38
Calculate the remainder when 281 is divided by 99.
83
Calculate the remainder when 545 is divided by 185.
175
What is the remainder when 606 is divided by 164?
114
Calculate the remainder when 81 is divided by 21.
18
Calculate the remainder when 222 is divided by 5.
2
What is the remainder when 260 is divided by 120?
20
Calculate the remainder when 597 is divided by 8.
5
Calculate the remainder when 175 is divided by 92.
83
What is the remainder when 6572 is divided by 173?
171
What is the remainder when 25242 is divided by 165?
162
What is the remainder when 1993 is divided by 31?
9
Calculate the remainder when 109 is divided by 33.
10
Calculate the remainder when 207 is divided by 26.
25
What is the remainder when 117 is divided by 16?
5
What is the remainder when 96 is divided by 11?
8
Calculate the remainder when 1199 is divided by 305.
284
What is the remainder when 68 is divided by 24?
20
What is the remainder when 6162 is divided by 199?
192
What is the remainder when 436 is divided by 21?
16
What is the remainder when 322 is divided by 19?
18
What is the remainder when 9857 is divided by 85?
82
What is the remainder when 222 is divided by 14?
12
What is the remainder when 9220 is divided by 29?
27
What is the remainder when 564 is divided by 19?
13
What is the remainder when 490 is divided by 24?
10
Calculate the remainder when 467 is divided by 115.
7
What is the remainder when 202 is divided by 102?
100
What is the remainder when 156 is divided by 32?
28
What is the remainder when 2144 is divided by 58?
56
Calculate the remainder when 1393 is divided by 107.
2
What is the remainder when 543 is divided by 42?
39
What is the remainder when 558 is divided by 96?
78
What is the remainder when 1269 is divided by 367?
168
Calculate the remainder when 72 is divided by 24.
0
Calculate the remainder when 2016 is divided by 504.
0
Calculate the remainder when 106 is divided by 12.
10
What is the remainder when 2658 is divided by 661?
14
Calculate the remainder when 757 is divided by 366.
25
What is the remainder when 74 is divided by 23?
5
What is the remainder when 63 is divided by 9?
0
Calculate the remainder when 7549 is divided by 13.
9
What is the remainder when 7182 is divided by 7171?
11
What is the remainder when 9 is divided by 6?
3
What is the remainder when 235 is divided by 16?
11
What is the remainder when 4914 is divided by 197?
186
What is the remainder when 108 is divided by 14?
10
Calculate the remainder when 6720 is divided by 354.
348
What is the remainder when 32 is divided by 19?
13
Calculate the remainder when 439 is divided by 10.
9
Calculate the remainder when 1128 is divided by 367.
27
What is the remainder when 27 is divided by 17?
10
Calculate the remainder when 224 is divided by 90.
44
Calculate the remainder when 7143 is divided by 47.
46
Calculate the remainder when 220 is divided by 105.
10
Calculate the remainder when 6228 is divided by 138.
18
What is the remainder when 153 is divided by 23?
15
Calculate the remainder when 158 is divided by 49.
11
What is the remainder when 2009 is divided by 2?
1
Calculate the remainder when 741 is divided by 273.
195
What is the remainder when 117 is divided by 12?
9
Calculate the remainder when 16117 is divided by 27.
25
Calculate the remainder when 167 is divided by 57.
53
Calculate the remainder when 2773 is divided by 679.
57
What is the remainder when 55897 is divided by 52?
49
Calculate the remainder when 222 is divided by 11.
2
What is the remainder when 236 is divided by 55?
16
Calculate the remainder when 3351 is divided by 39.
36
Calculate the remainder when 1080 is divided by 57.
54
Calculate the remainder when 413 is divided by 52.
49
Calculate the remainder when 2527 is divided by 8.
7
Calculate the remainder when 80 is divided by 74.
6
What is the remainder when 6268 is divided by 11?
9
Calculate the remainder when 29 is divided by 11.
7
Calculate the remainder when 4593 is divided by 41.
1
Calculate the remainder when 212 is divided by 39.
17
What is the remainder when 16358 is divided by 41?
40
Calculate the remainder when 533 is divided by 67.
64
What is the remainder when 347 is divided by 30?
17
Calculate the remainder when 135 is divided by 67.
1
Calculate the remainder when 7837 is divided by 67.
65
Calculate the remainder when 265 is divided by 51.
10
Calculate the remainder when 43 is divided by 23.
20
What is the remainder when 779 is divided by 14?
9
What is the remainder when 475 is divided by 141?
52
What is the remainder when 3070 is divided by 29?
25
What is the remainder when 39 is divided by 27?
12
Calculate the remainder when 277 is divided by 275.
2
Calculate the remainder when 8249 is divided by 250.
249
Calculate the remainder when 5575 is divided by 169.
167
What is the remainder when 432 is divided by 21?
12
What is the remainder when 137 is divided by 112?
25
What is the remainder when 102 is divided by 22?
14
Calculate the remainder when 502 is divided by 5.
2
Calculate the remainder when 2110 is divided by 150.
10
What is the remainder when 390 is divided by 72?
30
What is the remainder when 84 is divided by 43?
41
Calculate the remainder when 53 is divided by 18.
17
What is the remainder when 27 is divided by 14?
13
Calculate the remainder when 2338 is divided by 5.
3
What is the remainder when 210 is divided by 60?
30
What is the remainder when 134 is divided by 15?
14
Calculate the remainder when 558 is divided by 65.
38
What is the remainder when 353 is divided by 123?
107
What is the remainder when 69 is divided by 5?
4
Calculate the remainder when 1588 is divided by 44.
4
What is the remainder when 279 is divided by 78?
45
Calculate the remainder when 114 is divided by 90.
24
What is the remainder when 1841 is divided by 15?
11
What is the remainder when 5121 is divided by 22?
17
Calculate the remainder when 6578 is divided by 219.
8
Calculate the remainder wh